Let y be 2/(-3 + 2/2). Let j(f) = f - 4. Let a be j(13). Let d(w) = -w**2 - 2*w + 0 - 18*w**2 - 1 + a*w**2. Give d(y).
-9
Let g(k) = 0 - 5 + 2 + 24*k + 18*k - 43*k. Let n = 6 + -1. What is g(n)?
-8
Suppose 4*x - l = 23, -l - 4*l + 46 = 3*x. Let p(r) = -x + 4*r + 9 - 7. Calculate p(4).
11
Suppose -7*n + 6 = -9*n. Let i(b) be the second derivative of -b**4/12 - 3*b**2/2 + 5*b. Give i(n).
-12
Let x(r) = -r**2 + 33*r + 83. Let a be x(35). Let j(s) = -s**2 + 13*s - 6. Determine j(a).
-6
Let a be 1/((-4)/(-3))*-4. Let f(q) = 8*q**2 + 6*q + 7. Let d be f(-3). Let v(h) = 0*h - 61 + d + h**2 + h**3 - 2*h. Give v(a).
-12
Let l(h) = 2*h + 45*h**2 - 1 + 40*h**2 - 134*h**2 + 51*h**2 - h. Let d(o) = o + 7. Let p be d(-9). What is l(p)?
5
Let r(t) be the second derivative of -t**4/6 + t**3/6 + t**2/2 + 2*t. Let f be 2/(-4)*(-4)/(-2). Let p be ((-1)/f)/(3 + -4). What is r(p)?
-2
Let v(l) = l**3 - 2*l**2 + l - 3. Suppose -2*n + h = -1, 15*n - 4 = 17*n - 2*h. Determine v(n).
9
Let n(s) = s**3 + 4*s**2 - s - 4. Let w(h) = -6*h + 5. Let v(y) = -1. Let p(g) = 6*v(g) + w(g). Let f be p(-2). Suppose -1 = 4*q + f. Calculate n(q).
8
Let n(w) = -6*w + 1. Let u(z) = -25*z + 24. Let s(b) = -4*n(b) + u(b). What is s(25)?
-5
Let v(i) = i**2 - 10*i - 46. Let y be v(-4). Let b(z) = z**2 - 13*z + 8. Calculate b(y).
-22
Let l(q) = -2*q + 28. Let f be l(13). Suppose -3*h + 9 = -0*h. Let b(g) = h*g + 111*g**2 + g - 112*g**f. What is b(3)?
3
Let z(g) be the third derivative of g**6/24 - g**4/12 + 2*g**2 + 1. Calculate z(-2).
-36
Let g(a) be the second derivative of -a**6/120 - a**5/20 + a**4/12 - a**3/6 - 5*a**2/2 - 14*a. Let q(w) be the first derivative of g(w). Give q(-4).
7
Let l(k) = k**2 + 11*k + 7. Let g = -29 + 70. Suppose -s = 2*t + 3, 3*s - 8*t = -6*t - g. Give l(s).
7
Let q(w) = 31*w**2 - 16*w**2 + 1 - 14*w**2 + 3*w - 3. Suppose i - 16 = -c + 4*c, 3*i = -4*c - 4. Calculate q(c).
2
Let f = -1649 - -1641. Let o(w) = -4*w**2 + 7*w + w**3 + 13*w**2 + 4 + w. Determine o(f).
4
Let s(t) be the first derivative of t**3/3 + 3*t**2 + 4*t - 101. Suppose 0 = 5*o - 3*o + 8. Give s(o).
-4
Let h(a) = 3*a**2 + 65*a + 44. Let s be h(-21). Let b(k) be the third derivative of 0*k + 0 + 1/12*k**4 + 6*k**s + 2/3*k**3. Calculate b(-3).
-2
Let f(b) = 40*b**2 - 8*b + 3. Let u(l) = 47*l**2 - 9*l + 2. Let z(d) = 7*f(d) - 6*u(d). Give z(0).
9
Let b(y) be the second derivative of y**4/4 - y**3/6 + y**2/2 + 166*y. Calculate b(-2).
15
Let f(r) = -17*r + 15. Let x(s) = 1. Let a(c) = -3*c - 3. Let p(d) = a(d) + 6*x(d). Let i(v) = -2*f(v) + 11*p(v). What is i(-2)?
1
Let u be (40/(-36))/((-2)/9). Let x(d) be the first derivative of -d**4/4 + 4*d**3/3 + 3*d**2 - 5*d + 3. Determine x(u).
0
Let g(n) = 7*n - 8 + 40851*n**2 - 40850*n**2 - 2. Give g(-10).
20
Let j(b) = 7 + 11*b + 3*b - 8*b + 5*b - b**2. Determine j(5).
37
Suppose -11 + 31 = -5*z - 3*u, 2*u + 4 = -2*z. Let c be (-2)/(-8) + 94/8. Let q(o) = -o**2 + 0*o**2 + c - 6*o - 4. Determine q(z).
1
Let d(w) = -w**2 - w - 1. Suppose -2*l + 2 = -2. Give d(l).
-7
Let x(k) = -k + 10. Let b(l) be the third derivative of l**5/60 - l**4/4 - 14*l**3/3 + 26*l**2. Let m be b(10). Give x(m).
-2
Let j be (-3)/6 - (-24)/16. Let d(g) = -12*g - 28*g - g**2 - j + 47*g. Calculate d(6).
5
Let f(m) = -5*m**2 + 7*m + 8. Let h(b) = 5 - 31*b - 12 + 25*b - 20*b**2 + 24*b**2. Let d(y) = 5*f(y) + 6*h(y). Calculate d(-2).
-4
Suppose 3 + 1 = -2*h. Let q(m) = 8262*m**2 + 1 + m - 8260*m**2 - m + m. Calculate q(h).
7
Let m(q) = -3*q + 13*q**2 + 1 - 24*q**2 + 2*q + 15*q**2. Let l be 2/(-6) - 15/9. Give m(l).
19
Let q(m) be the second derivative of -m**3/6 - 3*m**2 - 11*m. Let u be q(-1). Let h(v) = -v**3 - 4*v**2 + 4*v + 2. Calculate h(u).
7
Let y(u) = -23*u**3 + u. Let w(d) = -18*d + 145. Let g be w(8). Calculate y(g).
-22
Suppose 4*t = k, t = 2*t - 3*k. Let q(w) = -2*w + 15. What is q(t)?
15
Let g(l) = -l + 63 + 33*l**2 - 29*l**2 - 62. Let j(i) = i + 5. Let f be j(-4). Give g(f).
4
Let j(g) = g - 13. Let a(h) = -h + 2. Let l be (12/(-8))/(6/(-8)). Suppose -b + l*p = 2, -3*b + p + 2*p = 9. Let s be a(b). Give j(s).
-7
Let l(d) = -d**3 - d**2 + 82*d - 72*d + 9*d**2 - 11 + 1. Calculate l(9).
-1
Let k(n) = -n + 6. Let p(z) = z**2 - z + 24. Let u be p(0). Suppose -3*c = -3*b - u, 5*b + 14 - 4 = 2*c. Let v be (1/1)/(2/c). Calculate k(v).
1
Let d(m) = m**2 + 6*m + 6. Let i(q) = -2*q + 6. Suppose 0*o - 2*o - 40 = 0. Let u = -14 - o. Let b be i(u). Calculate d(b).
6
Let i(o) = 3*o + 6. Let p(x) = 7*x + 11. Let g(w) = 2*w + 6. Let v be g(-2). Let k(s) = v*p(s) - 5*i(s). Calculate k(-8).
0
Let k(a) be the third derivative of a**4/12 - 11*a**3/6 + 25*a**2 + 2. Calculate k(6).
1
Let z(q) = q**2 + 3*q - 2. Let s be z(2). Let n = s + -5. Let c(y) = -4*y**2 + n*y + y**3 - 3*y - 3*y. What is c(5)?
10
Let a(j) = -34 + j**2 + 42 + 29*j - 38*j. Determine a(7).
-6
Suppose 2*p = -2*y + 7*p - 12, -y - 4*p + 20 = 0. Let k(u) = -u + 8. Let o be k(6). Let b(a) = 2*a + 6*a - 2*a - 2 - a**o. Give b(y).
6
Let j(i) = -7 - i**3 + 0*i**3 - 5431*i - 6*i**2 + 5438*i. Determine j(-7).
-7
Let n(m) = m**3 - m**2 - m. Let y(c) = -4*c**3 + 2*c**2 + 2*c + 5. Let w(l) = -3*n(l) - y(l). Suppose 2*z + 4*r - 13 = 3, 0 = -5*r + 20. What is w(z)?
-5
Let m(h) = 4*h. Let b(z) = -3*z**2 + 13*z - 2. Let o be b(4). Suppose 0 = o*p + 7*p + 36. Calculate m(p).
-16
Let y = 684 + -685. Let k(h) = 8*h. Determine k(y).
-8
Let a(f) = 3*f**2 - 2. Let x(q) = 7*q**2 - q - 5. Let p(n) = -5*a(n) + 2*x(n). Give p(-2).
0
Let r(z) = 4*z - 26. Let m be r(7). Let l(t) = -8*t**2 - t + 7. Let h(g) = -17*g**2 - 2*g + 15. Let o(u) = 6*h(u) - 13*l(u). What is o(m)?
9
Let o(a) = 9*a**2 - 40*a - 9. Let u(p) = 5*p**2 - 21*p - 4. Let f(v) = 6*o(v) - 11*u(v). Give f(-8).
-2
Let b(x) be the first derivative of 2*x**3/3 - x**2 - x - 5. Let h(q) = q**2 - q. Let j be (-2)/((-5)/((-30)/(-4))). Let p(v) = j*h(v) - b(v). Determine p(3).
7
Suppose 3*v + 15 = -3*h + 132, -3*v + 6 = 0. Let f be (h - 36)/(0 - (-2)/(-14)). Let l(m) = m**3 + 7*m**2 - m - 2. Determine l(f).
5
Let o(g) = 15*g**2 + 9*g - 28. Let p(t) = 41*t**2 + 27*t - 83. Let z(i) = 11*o(i) - 4*p(i). What is z(5)?
4
Let z(i) = i**2 - 2*i - 2. Suppose -4*h + 11 = -3*g, 6 = 2*g + 2*h + 4. Calculate z(g).
1
Suppose 2*z + 4 = 5*i, -6 = 2*z + i - 14. Let p(j) = 4*j**2 - 3*j - 2. What is p(z)?
25
Suppose 8*b = 3*b + 15. Let m(r) = 3*r - 3. Let y(q) = -5*q + 6. Let k(f) = -7*m(f) - 4*y(f). Calculate k(b).
-6
Let o(k) = 2*k. Suppose 19 = -10*p - 21. Calculate o(p).
-8
Let m(f) be the first derivative of f**4/4 - 5*f**3/3 + 3*f**2/2 + 10*f - 162. Give m(3).
1
Let m(x) = -x**2 + 3*x + 2. Let o(h) = 4*h**2 + 13*h - 15. Let d(u) = -3*u**2 - 13*u + 14. Let l(y) = 6*d(y) + 5*o(y). Let v be l(6). Give m(v).
2
Suppose 6*s - 10 = 56. Let r(n) = 5*n + 5*n + 0*n**2 - 2*n**2 - s*n. Give r(1).
-3
Let m(t) = 4*t**3 + 14*t**2 + 12*t + 6. Let p(a) = 8*a - 53. Let w be p(7). Let x(d) = d**3 + d**2 - 1. Let i(u) = w*x(u) - m(u). Determine i(-10).
11
Let g(b) = -11*b - 1. Let z(u) = -5*u - 3. Let d be (-4)/2 + 3 - 4. Let h be z(d). Let r be (-3)/h + 18/(-24). Calculate g(r).
10
Suppose -2*k + 41 = 5. Suppose 0 = -10*w + 22 + k. Let m(v) = v**3 - 4*v**2 - 3*v + 5. Give m(w).
-7
Let x(i) = -i**3 + i**2 - i - 3. Let y(k) = -k**2 + k. Let r(s) = x(s) + 5*y(s). Let l be (-1)/2*(11 - 1). Calculate r(l).
2
Suppose -4*z + 10 = -2*h, -4 = -5*z + 5*h + 1. Suppose -z*t + 1 = -15. Suppose 0*p - 4*p + t*k + 12 = 0, 0 = 4*p + 5*k + 24. Let y(j) = -j. Determine y(p).
1
Let v(n) = -n**3 - 3*n**2 - n - 1. Let l(y) = -y**3 + y + 23. Let z be l(0). Let j = -44 + z. Let h = j + 18. Give v(h).
2
Let i(r) = -2*r - 4. Let u(m) = -m**3 - 7*m**2 + m + 11. Let y be u(-7). Give i(y).
-12
Let r be 10/4*(-320)/100. Let h(b) = -b**2 - 9*b - 2. Give h(r).
6
Suppose -k + 5*k - 20 = 0. Let u(a) = -8*a + 3. Let s(r) = -3*r + 1. Let c(p) = -11*s(p) + 4*u(p). What is c(k)?
6
Let s(f) = -5*f**3 - 4*f**2 - 7*f + 7. Let v(c) = -11*c**3 - 7*c**2 - 13*c + 14. Let y(z) = -13*s(z) + 6*v(z). Give y(11).
15
Let u be (-2)/(-5) + (-112)/(-20). Suppose 0 = 2*s - 4, -3*n + 2*s = 5*s - 27. Let z(b) = -5*b + 3*b + n - 7*b + b**2 + b. What is z(u)?
-5
Let h(b) be the first derivative of b**4/4 - 5*b**3/3 - b**2/2 + 7*b - 98. Give h(3).
-14
Let k(q) be the first derivative of 5*q**